rt 1127 (base 8) to base 15.
29e
Convert 837 (base 10) to base 2.
1101000101
-13220 (base 5) to base 16
-424
What is -1cf (base 16) in base 10?
-463
-1674 (base 8) to base 2
-1110111100
-25a0 (base 11) to base 10
-3377
169bd (base 14) to base 4
31313223
What is -23b1 (base 16) in base 10?
-9137
Convert -10224 (base 5) to base 11.
-577
What is 17a01 (base 11) in base 12?
12695
What is -11111001110 (base 2) in base 14?
-a2a
What is -1425 (base 7) in base 2?
-1000101110
What is b98 (base 16) in base 5?
43333
Convert 702a (base 13) to base 15.
487a
Convert -2177 (base 9) to base 11.
-1233
Convert 30665 (base 8) to base 2.
11000110110101
What is 3030 (base 6) in base 4?
22122
What is 3572 (base 8) in base 16?
77a
Convert 12d0 (base 15) to base 8.
7664
Convert 1226 (base 11) to base 12.
b15
What is 4493 (base 10) in base 9?
6142
Convert 8629 (base 15) to base 5.
1402024
-4050 (base 6) to base 9
-1203
-150114 (base 7) to base 14
-a744
Convert -6215 (base 16) to base 10.
-25109
-331 (base 14) to base 13
-397
20b (base 16) to base 7
1345
Convert -20a (base 13) to base 3.
-110220
-48876 (base 9) to base 7
-164415
What is -bc1 (base 13) in base 8?
-3740
What is -121421 (base 5) in base 11?
-3512
-1024 (base 6) to base 8
-350
1601 (base 8) to base 2
1110000001
-891 (base 13) to base 11
-1117
-30 (base 16) to base 14
-36
Convert -1954 (base 10) to base 2.
-11110100010
What is -3546 (base 7) in base 16?
-51c
What is -10111101 (base 2) in base 12?
-139
What is 23420 (base 6) in base 9?
4583
What is -102202022 (base 3) in base 4?
-2011313
What is -102133 (base 5) in base 8?
-6532
Convert -54308 (base 9) to base 4.
-20302010
-135 (base 7) to base 15
-50
Convert 148 (base 13) to base 8.
345
What is 188 (base 13) in base 9?
342
What is 3406 (base 7) in base 12?
867
Convert 14db (base 16) to base 2.
1010011011011
What is -457 (base 8) in base 10?
-303
What is -24514 (base 7) in base 3?
-22211011
Convert -2003 (base 6) to base 7.
-1161
Convert -14020 (base 5) to base 7.
-3211
-93d9 (base 16) to base 7
-215230
20a50 (base 12) to base 2
1010011111011100
What is 44011 (base 5) in base 6?
21530
Convert 35660 (base 7) to base 14.
3530
-42246 (base 7) to base 10
-10422
Convert -12223 (base 4) to base 13.
-26b
What is 2666 (base 15) in base 9?
12216
What is -264 (base 9) in base 14?
-11a
-20020100 (base 3) to base 5
-121140
What is 22201 (base 6) in base 9?
4221
What is 30202 (base 5) in base 3?
2122101
Convert -1000010010111101 (base 2) to base 10.
-33981
-411 (base 14) to base 15
-384
-110000111100101 (base 2) to base 7
-133031
Convert 165 (base 16) to base 5.
2412
-3a3a (base 15) to base 14
-475c
-214103 (base 6) to base 10
-17751
Convert 5011 (base 6) to base 7.
3112
Convert 8d46 (base 15) to base 13.
10860
-11010111000 (base 2) to base 12
-bb4
Convert 9a6 (base 15) to base 12.
1319
Convert -111111010 (base 2) to base 10.
-506
2001112 (base 3) to base 9
2045
Convert 36f (base 16) to base 2.
1101101111
What is -28e (base 15) in base 6?
-2412
What is 323 (base 6) in base 16?
7b
What is -114214 (base 5) in base 6?
-31541
Convert 924 (base 10) to base 5.
12144
What is -4744 (base 9) in base 5?
-103043
What is 10122020 (base 3) in base 13?
1290
-a9a (base 14) to base 11
-1636
What is 164f (base 16) in base 14?
211d
What is 1226 (base 7) in base 10?
461
Convert 160 (base 12) to base 9.
260
What is -111221 (base 3) in base 16?
-178
-2346 (base 9) to base 15
-7b3
Convert -133002 (base 4) to base 13.
-b9a
-2463 (base 8) to base 9
-1738
1123 (base 10) to base 13
685
123014 (base 7) to base 12
11135
Convert 1100110 (base 2) to base 9.
123
-11 (base 16) to base 10
-17
What is 100120001 (base 3) in base 13?
322c
What is 20 (base 10) in base 12?
18
24120 (base 8) to base 12
5b80
What is -2022221 (base 3) in base 9?
-2287
-11232 (base 5) to base 16
-331
Convert -45c9 (base 15) to base 4.
-3213132
-bb90 (base 13) to base 12
-13167
Convert -256 (base 14) to base 11.
-396
-121331 (base 4) to base 9
-2245
What is 254 (base 15) in base 3?
201121
-102032133 (base 4) to base 8
-221637
Convert e8 (base 16) to base 10.
232
423 (base 10) to base 5
3143
What is -40 (base 8) in base 7?
-44
Convert -22221011 (base 3) to base 8.
-14557
Convert -b50 (base 14) to base 12.
-1356
Convert 233001 (base 4) to base 5.
44014
Convert -1d1 (base 16) to base 15.
-210
Convert -1111110110 (base 2) to base 4.
-33312
-2412 (base 9) to base 15
-7e8
What is 476 (base 8) in base 15?
163
Convert -2689 (base 10) to base 13.
-12bb
What is -150c7 (base 14) in base 12?
-26333
What is -1612 (base 14) in base 12?
-2340
Convert -111000101001100 (base 2) to base 12.
-14950
What is -11c (base 14) in base 10?
-222
Convert 701 (base 12) to base 8.
1761
2bc (base 14) to base 6
2330
What is -10200 (base 3) in base 5?
-344
What is -32340 (base 8) in base 11?
-a196
834 (base 9) to base 3
221011
What is 8c6 (base 16) in base 13?
103a
11130 (base 4) to base 8
534
Convert 31dc (base 16) to base 10.
12764
Convert -518 (base 11) to base 16.
-270
Convert -442 (base 6) to base 5.
-1140
Convert 22122313 (base 4) to base 6.
525331
58 (base 15) to base 12
6b
Convert -1b34 (base 16) to base 9.
-10487
What is 12424 (base 9) in base 6?
102421
What is 509 (base 12) in base 14?
3a1
What is -621 (base 15) in base 2?
-10101100101
Convert 2d37 (base 15) to base 14.
378b
What is 13370 (base 10) in base 9?
20305
What is -299 (base 10) in base 8?
-453
-10001001101010 (base 2) to base 10
-8810
What is -697 (base 12) in base 9?
-1307
What is -214 (base 14) in base 10?
-410
-727 (base 12) to base 7
-3013
What is -2634 (base 14) in base 10?
-6710
1101100 (base 2) to base 13
84
-121110 (base 5) to base 11
-3449
What is 756 (base 9) in base 16?
26a
What is -1046 (base 10) in base 6?
-4502
54 (base 14) to base 6
202
What is -10704 (base 12) in base 6?
-244404
338 (base 12) to base 13
2a8
What is -3634 (base 7) in base 16?
-544
-15261 (base 8) to base 3
-100101002
What is 366 (base 9) in base 15?
153
Convert 360 (base 11) to base 15.
1d9
What is 1289c (base 14) in base 6?
551054
-1212 (base 10) to base 5
-14322
43155 (base 9) to base 15
86e2
What is 13133230 (base 4) in base 12?
15924
516 (base 9) to base 4
12210
c38 (base 15) to base 10
2753
What is -252 (base 10) in base 7?
-510
What is -110 (base 8) in base 5?
-242
What is 220 (base 8) in base 2?
10010000
Convert 434 (base 16) to base 3.
1110212
Convert -1c3a (base 13) to base 5.
-114044
Convert 2064 (base 11) to base 2.
101010101100
What is 505 (base 8) in base 13?
1c0
41322 (base 5) to base 10
2712
Convert -36760 (base 8) to base 6.
-201224
What is 111202 (base 3) in base 4?
11303
What is 2242 (base 5) in base 4?
11002
Convert -526 (base 10) to base 6.
-2234
1415 (base 9) to base 5
13232
Convert -1256 (base 10) to base 2.
-10011101000
Convert -21a1 (base 16) to base 15.
-283e
What is 21102122 (base 3) in base 7?
21536
What is -29a (base 16) in base 9?
-820
Convert -340 (base 9) to base 10.
-279
37 (base 9) to base 4
202
What is -61b (base 12) in base 10?
-887
-33318 (base 10) to base 15
-9d13
What is -20528 (base 9) in base 7?
-54341
277 (base 13) to base 7
1162
-212100010 (base 3) to base 13
-7989
Convert -341442 (base 6) to base 13.
-101cc
What is -2471 (base 13) in base 16?
-142a
Convert -442 (base 10) to base 12.
-30a
What is 18322 (base 10) in base 12?
a72a
Convert 1111000101 (base 2) to base 16.
3c5
Convert -41521 (base 6) to base 15.
-19cd
33302 (base 4) to base 6
4402
-2811b (base 12) to base 14
-162d9
20201221 (base 3) to base 16
1330
1000110 (base 2) to base 7
130
10111111101011 (base 2) to base 7
50523
Convert -60c2 (base 15) to base 12.
-b9a8
Convert 1826 (base 9) to base 13.
83a
Convert -21424 (base 5) to base 10.
-1489
Convert 1110100001100 (base 2) to base 10.
7436
What is -54325 (base 6) in base 2?
-1110100101101
Convert -2431 (base 12) to base 14.
-16a9
48909 (base 10) to base 8
137415
-5c5 (base 15) to base 4
-110132
Convert -2104 (base 6) to base 15.
-217
Convert -101000001110001 (base 2) to base 7.
-114016
-53521 (base 6) to base 2
-1110010011001
Convert 14624 (base 7) to base 3.
12121022
-7c66 (base 14) to base 2
-101010010010010
What is 254400 (base 6) in base 2?
101101000000000
Convert -25361 (base 8) to base 13.
-5008
2a7 (base 15) to base 12
427
Convert 1022141 (base 5) to 